ors of 314786499?
3, 104928833
What are the prime factors of 149118650?
2, 5, 19, 156967
What are the prime factors of 116623537?
4373, 26669
What are the prime factors of 34520386?
2, 73, 101, 2341
What are the prime factors of 48470841?
3, 269, 20021
What are the prime factors of 8952839?
7, 182711
What are the prime factors of 1276108188?
2, 3, 106342349
List the prime factors of 287090122.
2, 11, 13049551
List the prime factors of 2947302514.
2, 13, 97, 1168637
What are the prime factors of 43400303?
17, 2552959
What are the prime factors of 22411902?
2, 3, 67, 197, 283
List the prime factors of 453784230.
2, 3, 5, 17, 296591
List the prime factors of 256124320.
2, 5, 23, 79, 881
List the prime factors of 213681853.
7, 11, 31, 89519
List the prime factors of 137005836.
2, 3, 11, 941, 1103
List the prime factors of 83721613.
3677, 22769
List the prime factors of 540164968.
2, 7, 43, 101, 2221
What are the prime factors of 10483669?
7, 1497667
List the prime factors of 822146598.
2, 3, 7, 13, 31, 257
List the prime factors of 866407485.
3, 5, 67, 862097
List the prime factors of 338931307.
11, 13, 2370149
What are the prime factors of 643403385?
3, 5, 73, 65287
List the prime factors of 50587124.
2, 7, 1806683
What are the prime factors of 367272197?
1249, 294053
List the prime factors of 227077950.
2, 3, 5, 11, 137623
What are the prime factors of 4677026527?
4677026527
List the prime factors of 20846600.
2, 5, 104233
List the prime factors of 153408002.
2, 11, 6973091
List the prime factors of 26666476.
2, 23, 289853
List the prime factors of 56057787.
3, 1997, 3119
What are the prime factors of 17173033?
139, 123547
What are the prime factors of 78467264?
2, 19, 173, 373
List the prime factors of 6876474511.
2269, 3030619
List the prime factors of 18434172.
2, 3, 137, 11213
List the prime factors of 1474480326.
2, 3, 11, 22340611
What are the prime factors of 2884274438?
2, 1442137219
What are the prime factors of 978107545?
5, 23, 8505283
List the prime factors of 20245536.
2, 3, 70297
What are the prime factors of 422138847?
3, 13, 832621
List the prime factors of 119185012.
2, 29, 83, 12379
What are the prime factors of 65886948?
2, 3, 79, 23167
What are the prime factors of 172930182?
2, 3, 1543, 18679
List the prime factors of 1160643463.
7, 165806209
List the prime factors of 596029864.
2, 74503733
List the prime factors of 49289436.
2, 3, 7, 195593
List the prime factors of 217742027.
67, 647, 5023
What are the prime factors of 954893570?
2, 5, 17, 330413
List the prime factors of 149005867.
17, 8765051
List the prime factors of 164718573.
3, 1279, 42929
What are the prime factors of 1039762920?
2, 3, 5, 7, 1237813
What are the prime factors of 5839333324?
2, 11, 41, 3236881
List the prime factors of 609346920.
2, 3, 5, 7, 13, 41, 1361
List the prime factors of 22803900.
2, 3, 5, 7, 10859
What are the prime factors of 75462978?
2, 3, 61, 206183
List the prime factors of 3151708328.
2, 47, 8382203
What are the prime factors of 249094710?
2, 3, 5, 17, 54269
What are the prime factors of 4343119159?
73, 59494783
What are the prime factors of 93813181?
7, 11, 61, 19973
List the prime factors of 85080696.
2, 3, 3545029
List the prime factors of 1528890958.
2, 7, 433, 252209
List the prime factors of 101443244.
2, 7, 61, 59393
What are the prime factors of 1767209588?
2, 47, 109, 86239
What are the prime factors of 275381034?
2, 3, 797, 57587
What are the prime factors of 3232468125?
3, 5, 509, 1129
List the prime factors of 96520547.
96520547
What are the prime factors of 112628096?
2, 7, 337, 373
What are the prime factors of 2661803336?
2, 67, 4966051
List the prime factors of 2633036557.
1693, 1555249
What are the prime factors of 8996514?
2, 3, 1499419
What are the prime factors of 124531867?
23, 31, 174659
List the prime factors of 176937747.
3, 7, 19, 443453
List the prime factors of 5806940236.
2, 1451735059
What are the prime factors of 45490729?
107, 425147
What are the prime factors of 665367480?
2, 3, 5, 773, 797
List the prime factors of 114382334.
2, 11, 5199197
What are the prime factors of 22596549?
3, 2609, 2887
What are the prime factors of 1113881675?
5, 43, 433, 2393
What are the prime factors of 661544248?
2, 82693031
What are the prime factors of 44787151?
44787151
What are the prime factors of 288536777?
288536777
List the prime factors of 269587547.
17, 2459, 6449
List the prime factors of 369014895.
3, 5, 67, 122393
What are the prime factors of 559285442?
2, 12853, 21757
List the prime factors of 40962783.
3, 131, 104231
List the prime factors of 1002852193.
7, 137, 1045727
What are the prime factors of 322570354?
2, 23, 89, 78791
What are the prime factors of 425632258?
2, 61, 1103, 3163
List the prime factors of 931738716.
2, 3, 47, 67, 8219
List the prime factors of 299045961.
3, 33227329
List the prime factors of 697891017.
3, 3527, 65957
What are the prime factors of 367861695?
3, 5, 101, 242813
List the prime factors of 2522070560.
2, 5, 15762941
What are the prime factors of 1857030692?
2, 11, 67, 629929
What are the prime factors of 5016398963?
43, 239, 488119
List the prime factors of 124649670.
2, 3, 5, 37, 112297
What are the prime factors of 413029227?
3, 13, 223, 47491
What are the prime factors of 155191189?
23, 277, 24359
List the prime factors of 483729984.
2, 3, 839809
What are the prime factors of 27340554?
2, 3, 4556759
List the prime factors of 42420318.
2, 3, 7070053
What are the prime factors of 1619743173?
3, 539914391
What are the prime factors of 200830115?
5, 727, 55249
What are the prime factors of 1475520853?
1475520853
List the prime factors of 576356572.
2, 11, 13099013
List the prime factors of 80305165.
5, 139, 115547
What are the prime factors of 118976341?
11, 10816031
List the prime factors of 69273039.
3, 11, 127, 16529
What are the prime factors of 77836245?
3, 5, 41, 67, 1889
What are the prime factors of 101689894?
2, 137, 371131
What are the prime factors of 39593093?
19, 2083847
List the prime factors of 2157284355.
3, 5, 143818957
List the prime factors of 3245388.
2, 3, 229, 1181
List the prime factors of 15734505.
3, 5, 227, 4621
List the prime factors of 564009041.
139, 307, 13217
List the prime factors of 2918839303.
587, 4972469
What are the prime factors of 1432285170?
2, 3, 5, 19, 37, 113, 601
What are the prime factors of 109547009?
11, 13, 79, 9697
What are the prime factors of 3568128376?
2, 257, 307, 5653
What are the prime factors of 191002236?
2, 3, 29, 457, 1201
List the prime factors of 215320904.
2, 89, 302417
What are the prime factors of 2464679?
7, 352097
List the prime factors of 184666480.
2, 5, 233, 9907
List the prime factors of 69632431.
11, 23, 275227
What are the prime factors of 928796325?
3, 5, 281, 44071
List the prime factors of 1852505.
5, 47, 7883
List the prime factors of 2661182552.
2, 7, 6788731
What are the prime factors of 744597878?
2, 19, 1031299
What are the prime factors of 155443162?
2, 7, 181, 61343
List the prime factors of 130015535.
5, 13, 131, 15269
What are the prime factors of 29633221?
433, 68437
What are the prime factors of 13686229?
13686229
List the prime factors of 397623191.
7, 8114759
List the prime factors of 2764947588.
2, 3, 13, 173, 102451
List the prime factors of 89522491.
89522491
List the prime factors of 249732011.
249732011
List the prime factors of 109188682.
2, 23, 2373667
What are the prime factors of 265157179?
7, 19, 23, 29, 61
List the prime factors of 790428941.
11273, 70117
List the prime factors of 46832592.
2, 3, 563, 1733
What are the prime factors of 19629400?
2, 5, 7, 2003
What are the prime factors of 95163161?
17, 89, 62897
List the prime factors of 1044845210.
2, 5, 61, 1712861
What are the prime factors of 45209807?
491, 92077
What are the prime factors of 37828520?
2, 5, 151, 6263
What are the prime factors of 1076291634?
2, 3, 11, 43, 47, 8069
List the prime factors of 289944238.
2, 53, 2735323
List the prime factors of 780528859.
11, 47, 1509727
What are the prime factors of 8391945362?
2, 853, 4919077
What are the prime factors of 13493287?
19, 677, 1049
What are the prime factors of 864470856?
2, 3, 241, 149459
What are the prime factors of 479617924?
2, 119904481
List the prime